 2. Determine i(u).
18
Let w(c) = 20*c**3 + 288*c**2 - 8*c - 50. Let p(n) = -7*n**3 - 102*n**2 + 3*n + 17. Let y(b) = -17*p(b) - 6*w(b). Determine y(6).
-7
Let c(q) = -2*q + 29. Let a = -1063 + 1038. Give c(a).
79
Let x(s) = -284*s**3 - 82*s**2 - 47*s - 132. Let r(j) = 155*j**3 + 42*j**2 + 23*j + 66. Let a(c) = -11*r(c) - 6*x(c). Calculate a(31).
4
Let k(d) = 3*d**2 + d + 3. Let n(u) = u**2 + 10*u + 17. Let j be n(-3). Let i(h) = -5*h**2 - 4*h - 7. Let t(l) = j*i(l) - 7*k(l). Give t(10).
-3
Let n be 192/(-672) - (-22)/(-385)*135. Let h(v) be the third derivative of v**5/60 + 7*v**4/24 - 3*v**3/2 - v**2. What is h(n)?
-1
Let c(a) = 3*a**2 + 19*a + 3. Let x(v) = 11*v**2 + 80*v + 12. Let j(h) = 9*c(h) - 2*x(h). What is j(-2)?
1
Let y(j) = 11*j - 7. Let p be y(1). Let x(a) be the third derivative of -a**5/30 + a**4/4 + 5*a**3/6 + 274*a**2. What is x(p)?
-3
Let j(o) = 7 + 101*o + o**2 - 199*o + 98*o. Let b(u) = -u**2 - 5*u + 31. Let m be b(-9). Calculate j(m).
32
Let c(a) = a**3 - 7*a**2 - 6*a - 4. Let n be c(8). Suppose 14 = i + n. Let m(t) = i*t**3 - 5 + 2*t + 1 + 3 + 5*t**2. Calculate m(-3).
-16
Let a(s) = 14*s**2 - 115*s + 4. Let h(n) = -5*n**2 + 39*n - 4. Let p(d) = -6*a(d) - 17*h(d). Calculate p(-2).
-6
Let n(c) be the third derivative of -11*c**4/24 - 5*c**3/6 - 3543*c**2. Determine n(6).
-71
Let m(g) = -35*g - 14. Let y(a) = 127*a + 55. Let s(q) = -11*m(q) - 3*y(q). Calculate s(2).
-3
Let l(r) be the third derivative of 0 + 0*r**4 + 0*r + 2*r**2 + 1/15*r**5 - 1/120*r**6 - 1/3*r**3. Suppose 20*m - 15*m = 15. Determine l(m).
7
Let u = 5 + -12. Let o(j) = -34*j**3 - 123*j**2 + 124*j - 7. Let s(a) = -5*a**3 - 18*a**2 + 18*a - 1. Let h(l) = -4*o(l) + 27*s(l). Determine h(u).
22
Let z = 11 + -8. Let m(v) = -30 - 31 + 59 + 5*v - 1. Determine m(z).
12
Let k(i) = -11*i**3 - 29*i**2 - 73*i - 2. Let h(m) = 6*m**3 + 17*m**2 + 40*m + 1. Let n(p) = -9*h(p) - 5*k(p). Suppose -21 = -4*d + d. What is n(d)?
-13
Let j be (-7 - 232/(-24))/(1/3). Let x(w) = 1 - 16 + 8 + j + w. Suppose 0 = 3*c - 2*c. Calculate x(c).
1
Let c be 8*15/440 - 57/(-33). Let u be (1 + (-2)/(-4))*6. Suppose u = 2*k - c*b + 3, -4*k + 3*b = -8. Let v(o) = 18*o**3 + 2*o**2 - 1. Give v(k).
-17
Let s(g) = 68*g + 411. Let k be s(-6). Let o(r) be the second derivative of -17*r + 0 - k*r**2 - 2/3*r**3 + 1/12*r**4. Calculate o(5).
-1
Let j(p) = -17*p + 9. Let h = -8167 + 8167. Give j(h).
9
Let s be -4*(-9)/(-198) - 168/(-77). Let f(m) be the first derivative of -13 - 1/2*m**s + 10*m. Calculate f(7).
3
Let b be (-594)/(-21) - 20/70. Let w(u) = 11*u - 314. Let r be w(b). Let t(s) = s**2 + 6*s + 7. What is t(r)?
7
Let c(d) be the first derivative of -2*d**3/3 - d**2 + d - 1. Suppose -390 = -782*o + 392. Give c(o).
-3
Let h(y) = 2*y**2 - 4*y + 3. Let a be h(1). Let l(n) = 3*n**2 - 7*n - 11. Let j(k) = -12*k**2 + 20*k + 31. Let o(b) = 6*j(b) + 17*l(b). Give o(a).
-21
Let k(m) = m**2 - 4*m + 1. Let t(j) = -30*j + 1. Let c be t(1). Let i = 24 + c. Let x = -1 - i. Determine k(x).
1
Let c be 345/(-18) + 7 - 2/(-12). Let q(z) = -13*z**2 - 20 - 12*z + 25 + 2*z**3 - 3*z**3. What is q(c)?
5
Let n(o) be the second derivative of -1/2*o**2 - 29/12*o**4 + 0 + 0*o**3 - 30*o. What is n(-1)?
-30
Let p(s) = -s**3 + 4*s**2 + 3*s - 5. Let k(g) = 6*g**2 - 48*g + 79. Let n be k(6). Determine p(n).
-131
Let i(j) = -j**2 + 5*j + 4. Suppose -4*t + 27 = -3*o, 5 = 2*t - o - 8. Suppose 2*z = t*z - 20. What is i(z)?
4
Let l be (110/8)/(6/((-744)/(-155))). Let d(m) = -3*m**2 - 8*m + 21. Let s(x) = 5*x**2 + 17*x - 42. Let z(r) = 7*d(r) + 4*s(r). Calculate z(l).
-10
Suppose 94*f - 108*f = 112. Let m(c) = c + 2. Give m(f).
-6
Let l(y) = -7*y**2 - 7*y + 216*y**3 - 3 - 217*y**3 + 10. Give l(-6).
13
Suppose 2*f = 28 + 28. Suppose 2*k = 2*q - k + 14, 4*q + f = 4*k. Let j(s) = -39*s + 25*s - s**3 - 7*s**2 + 9 + 0*s**3 + 15*s. What is j(q)?
2
Let j = -62 + 50. Let y be 4/6*(j - -6). Let n be (-1 - 2)*2*y/(-6). Let m(r) = -5*r + 1. What is m(n)?
21
Let u(k) = -k**2 + 9*k - 3. Suppose 36 = -4*b - 4*j, 4*j + 20 = -5*b - 28. Let f be 12/10*(-80)/b. Determine u(f).
5
Let s(i) = -2 + 6 - 126*i**2 + 134*i**2 - 39*i + 38*i. Give s(-3).
79
Let t = -109 - -119. Suppose 3*s - 5*f + 4 - t = 0, -4*s = -3*f + 3. Let u(c) = -2*c**3 - 3*c**2 + 5*c + 3. Calculate u(s).
15
Let w(u) = u**3 + u**2. Let s(k) = -4*k**3 + k**2 - 3*k + 10. Let y(z) = -s(z) - 3*w(z). Let g be y(4). Let p(r) = r + 2*r - g*r. Give p(5).
5
Let w(h) be the second derivative of -h**5/20 - 2*h**4/3 - h**3/3 - 9*h**2/2 + 349*h. Give w(-7).
-44
Let r(n) = 7*n**2 - 5*n - 8. Let t = 64 + -64. Suppose -z + 2 = t, 2*y = -3*y + 4*z + 2. Let s(m) = -3*m**2 + 3*m + 4. Let w(g) = y*r(g) + 5*s(g). Give w(5).
4
Let x = 42569 + -42570. Let j(f) = 5*f - 4*f - 3 + f**2 + 4. What is j(x)?
1
Let h(x) = -x**2 - 20*x - 53. Let f(a) = 16*a**3 + 2*a**2 - 61*a - 63. Let n be f(-1). Determine h(n).
11
Let r(z) be the third derivative of z**6/120 + 3*z**5/20 - 35*z**4/24 + 2*z**3/3 + 8018*z**2. Give r(-12).
-8
Let z(j) = 18 + 5 + 16*j**2 + 3*j - 8*j**2 - 9*j**2 - 1. Determine z(7).
-6
Let m(p) = -p**3 - 10*p**2 - 5. Let i be m(-10). Let s(r) be the second derivative of r**4/12 + 5*r**3/6 - 5*r**2/2 + 4*r - 325. Calculate s(i).
-5
Let t(k) be the third derivative of 7*k**4/4 - 631*k**3/6 - 9*k**2 + 47*k. Determine t(15).
-1
Let d(r) = 9*r**3 + 25*r**2 + 15*r + 5. Let v(f) = -14*f**3 - 38*f**2 - 22*f - 7. Let m(o) = -8*d(o) - 5*v(o). Calculate m(-4).
3
Let q(j) = -j**2 - 10*j + 53. Let x be ((-11)/(-66))/(2/(-176)) - 14/(-21). Determine q(x).
-3
Let h(m) = 2*m**2 + 2*m - 3. Let a be (558/(-13))/6 - (-4)/26. Let i(y) = -2*y**2 - 10*y + 31. Let n be i(a). What is h(n)?
21
Let d(f) = 3 + 2*f + 3 - 3 - 4. Let s(z) = -z**3 - 8*z**2 - 7*z + 2. Let y be s(-10). Let u = y + -269. What is d(u)?
5
Let g(m) = -40*m**2 - 5*m - 11*m + 49 + 2*m - 63 + 37*m**2. Calculate g(-2).
2
Let x(v) = -v - 10. Let z = -7 + 62. Let w be 10/z - (-20)/11. Suppose 0 = -4*g - 5*y - 47, w*g + 4*y - 4 = 4*g. What is x(g)?
-2
Let f(w) be the third derivative of -w**6/120 - 13*w**5/60 + 13*w**4/24 - 2*w**3 - 8*w**2. Let d = 3343 + -3357. Calculate f(d).
2
Let t(m) = 3*m**3 + 11*m + 7. Let g(z) = 55*z**3 - 4*z**2 + 198*z + 126. Let y(u) = 2*g(u) - 37*t(u). Calculate y(-6).
-13
Let j(n) = n + 7. Suppose 9*r - 25900 = -25936. Calculate j(r).
3
Suppose -22 = -5*i - 4*m, 30*i - 33*i = -4*m + 38. Let b(g) = 7*g**3 - 2*g**2 - 2*g + 1. Calculate b(i).
-59
Let p(z) = -6*z**2 + 68*z + 27. Let v(k) = 8*k**2 - 83*k - 36. Let o(q) = -9*p(q) - 7*v(q). Determine o(-16).
-7
Let f = 3 - 0. Let c(u) = 9 - 8 + u**2 + 0*u - u**f + u. Let h be 4/(4/(-3)) - (25 - 26). Determine c(h).
11
Let x(n) be the third derivative of -1/120*n**6 + 1/3*n**3 - 44*n**2 + 7/24*n**4 + 1/20*n**5 + 0*n + 0. Determine x(5).
-13
Let u(p) be the first derivative of p**2 + 3*p - 13. Let s be u(1). Let b(l) be the first derivative of -l**4/4 + 4*l**3/3 + l**2/2 + 6*l - 5. Determine b(s).
-14
Let q(b) = 13*b + 34. Let v be q(-4). Let z be ((-6)/v)/(5/(-15)). Let j(a) = -25*a**3 + a**2 + 2*a + 1. What is j(z)?
25
Let h(r) = -3*r**2 + 12*r + 100. Let f be h(8). Let b(d) = -d**3 + 5*d**2 - 10*d + 21. What is b(f)?
-3
Let r(h) = 3*h. Let a be (-2853)/(-27)*(-6)/(-8)*4. Let f = a - 602. Let j be (-608)/f - 2/15. Determine r(j).
6
Let n(l) be the second derivative of -l**4/2 + l**3/3 + 5*l**2 + 130*l + 3. Determine n(-3).
-50
Suppose 74*s = 54 - 784 - 84. Let d(f) = -f**2 - 16*f + 11. What is d(s)?
66
Let x(h) = h + 21. Suppose 25*q = 27*q - 38. Suppose q*v = -70 - 158. Give x(v).
9
Suppose -l + b = -16 + 19, 2*l = -5*b + 15. Let m(f) = -2905*f**2 + l + 2895*f**2 - 4*f + 3*f + 0. Suppose -3*j = 5*c + 7, c + 4*j - 7 = -22. Determine m(c).
-11
Let i(k) = -2*k**2 - k - 1. Suppose -234 = -w - 12*w. Let x be (-70)/60 + 3/w. Give i(x).
-2
Let r(u) = 12*u. Suppose -22*v = -23*v - 1, -3*n + 5*v = -20. Suppose -5*j = -a + 13, 10*j + 9 = 3*a + n*j. Calculate r(a).
-24
Let d be ((-105)/28)/(5 - (-415)/(-80)). Let u(s) = -2*s**2 + 41*s - 11. Determine u(d).
9
Let z(h) be the third derivative of -h**5/60 + 13*h**4/12 - 29*h**3/3 - 3*h**2 + 578*h. Give z(24).
-10
Let k(s) = -3*s - 138. Let x(b) = -38. Let r(l) = -k(l) + 4*x(l). Calculate r(4).
-2
Let a(b) = 7*b + 61. Suppose -q + 13 = -c, 0 = 4*c - 0*q +